 3187
List the prime factors of 46247.
103, 449
What are the prime factors of 27008?
2, 211
List the prime factors of 2928.
2, 3, 61
List the prime factors of 23074.
2, 83, 139
List the prime factors of 55202.
2, 7, 3943
List the prime factors of 62123.
23, 37, 73
List the prime factors of 4134.
2, 3, 13, 53
List the prime factors of 355.
5, 71
List the prime factors of 4315.
5, 863
List the prime factors of 86528.
2, 13
List the prime factors of 30420.
2, 3, 5, 13
List the prime factors of 9839.
9839
What are the prime factors of 9131?
23, 397
List the prime factors of 47650.
2, 5, 953
List the prime factors of 4169.
11, 379
What are the prime factors of 122?
2, 61
What are the prime factors of 35272?
2, 4409
List the prime factors of 1119.
3, 373
List the prime factors of 16838.
2, 8419
List the prime factors of 6651.
3, 739
What are the prime factors of 1286?
2, 643
What are the prime factors of 1055?
5, 211
List the prime factors of 31866.
2, 3, 47, 113
What are the prime factors of 16707?
3, 5569
What are the prime factors of 16101?
3, 1789
What are the prime factors of 58458?
2, 3, 9743
List the prime factors of 1148.
2, 7, 41
List the prime factors of 10397.
37, 281
What are the prime factors of 620?
2, 5, 31
What are the prime factors of 1448?
2, 181
List the prime factors of 2589.
3, 863
List the prime factors of 103185.
3, 5, 2293
List the prime factors of 775.
5, 31
What are the prime factors of 5427?
3, 67
List the prime factors of 45498.
2, 3, 7583
List the prime factors of 1422.
2, 3, 79
List the prime factors of 5501.
5501
What are the prime factors of 29046?
2, 3, 47, 103
What are the prime factors of 27872?
2, 13, 67
List the prime factors of 6943.
53, 131
What are the prime factors of 33374?
2, 11, 37, 41
List the prime factors of 1272.
2, 3, 53
What are the prime factors of 4072?
2, 509
List the prime factors of 18846.
2, 3, 349
List the prime factors of 720.
2, 3, 5
List the prime factors of 1783.
1783
What are the prime factors of 994?
2, 7, 71
What are the prime factors of 3595?
5, 719
What are the prime factors of 624?
2, 3, 13
What are the prime factors of 144?
2, 3
What are the prime factors of 4124?
2, 1031
List the prime factors of 4754.
2, 2377
List the prime factors of 11420.
2, 5, 571
What are the prime factors of 3823?
3823
What are the prime factors of 168?
2, 3, 7
What are the prime factors of 3039?
3, 1013
What are the prime factors of 1732?
2, 433
List the prime factors of 174.
2, 3, 29
List the prime factors of 45379.
23, 1973
List the prime factors of 2350.
2, 5, 47
What are the prime factors of 1468?
2, 367
What are the prime factors of 14866?
2, 7433
What are the prime factors of 117872?
2, 53, 139
What are the prime factors of 896?
2, 7
What are the prime factors of 8385?
3, 5, 13, 43
What are the prime factors of 3681?
3, 409
What are the prime factors of 4218?
2, 3, 19, 37
List the prime factors of 72596.
2, 18149
What are the prime factors of 1897?
7, 271
List the prime factors of 20842.
2, 17, 613
What are the prime factors of 17133?
3, 5711
What are the prime factors of 15927?
3, 5309
List the prime factors of 1089.
3, 11
What are the prime factors of 4269?
3, 1423
List the prime factors of 2624.
2, 41
List the prime factors of 5136.
2, 3, 107
What are the prime factors of 988?
2, 13, 19
What are the prime factors of 81426?
2, 3, 41, 331
What are the prime factors of 43004?
2, 13, 827
What are the prime factors of 4052?
2, 1013
What are the prime factors of 1336?
2, 167
List the prime factors of 1578.
2, 3, 263
What are the prime factors of 88?
2, 11
List the prime factors of 26413.
61, 433
List the prime factors of 108036.
2, 3, 3001
List the prime factors of 6413.
11, 53
List the prime factors of 387.
3, 43
List the prime factors of 17544.
2, 3, 17, 43
What are the prime factors of 405?
3, 5
List the prime factors of 4659.
3, 1553
What are the prime factors of 1058?
2, 23
List the prime factors of 41522.
2, 13, 1597
List the prime factors of 47722.
2, 107, 223
What are the prime factors of 16?
2
List the prime factors of 1063.
1063
List the prime factors of 123808.
2, 53, 73
What are the prime factors of 14761?
29, 509
List the prime factors of 44509.
47, 947
What are the prime factors of 10999?
17, 647
List the prime factors of 89424.
2, 3, 23
List the prime factors of 2554.
2, 1277
List the prime factors of 68695.
5, 11, 1249
List the prime factors of 1757.
7, 251
What are the prime factors of 1302?
2, 3, 7, 31
What are the prime factors of 852?
2, 3, 71
List the prime factors of 121208.
2, 109, 139
What are the prime factors of 213?
3, 71
What are the prime factors of 2480?
2, 5, 31
What are the prime factors of 51221?
17, 23, 131
What are the prime factors of 188?
2, 47
What are the prime factors of 2497?
11, 227
What are the prime factors of 11301?
3, 3767
List the prime factors of 157.
157
List the prime factors of 149803.
149803
List the prime factors of 28508.
2, 7127
What are the prime factors of 284?
2, 71
List the prime factors of 9660.
2, 3, 5, 7, 23
List the prime factors of 174908.
2, 73, 599
What are the prime factors of 2760?
2, 3, 5, 23
List the prime factors of 24099.
3, 29, 277
List the prime factors of 1515.
3, 5, 101
What are the prime factors of 978?
2, 3, 163
List the prime factors of 2193.
3, 17, 43
What are the prime factors of 4250?
2, 5, 17
What are the prime factors of 124186?
2, 31, 2003
What are the prime factors of 2339?
2339
List the prime factors of 188.
2, 47
What are the prime factors of 413?
7, 59
List the prime factors of 717.
3, 239
List the prime factors of 30291.
3, 23, 439
What are the prime factors of 7113?
3, 2371
What are the prime factors of 1642?
2, 821
List the prime factors of 3090.
2, 3, 5, 103
What are the prime factors of 1548?
2, 3, 43
List the prime factors of 58262.
2, 29131
List the prime factors of 6513.
3, 13, 167
List the prime factors of 75542.
2, 107, 353
What are the prime factors of 238?
2, 7, 17
What are the prime factors of 305?
5, 61
What are the prime factors of 21592?
2, 2699
List the prime factors of 168582.
2, 3, 28097
What are the prime factors of 2286?
2, 3, 127
List the prime factors of 4523.
4523
What are the prime factors of 18056?
2, 37, 61
List the prime factors of 36455.
5, 23, 317
List the prime factors of 820.
2, 5, 41
What are the prime factors of 129145?
5, 23, 1123
What are the prime factors of 565?
5, 113
What are the prime factors of 7119?
3, 7, 113
What are the prime factors of 1201?
1201
What are the prime factors of 1288?
2, 7, 23
What are the prime factors of 15657?
3, 17, 307
List the prime factors of 1103.
1103
What are the prime factors of 25530?
2, 3, 5, 23, 37
What are the prime factors of 14588?
2, 7, 521
List the prime factors of 754.
2, 13, 29
List the prime factors of 524.
2, 131
What are the prime factors of 760?
2, 5, 19
What are the prime factors of 22601?
97, 233
List the prime factors of 4168.
2, 521
What are the prime factors of 19236?
2, 3, 7, 229
List the prime factors of 1266.
2, 3, 211
List the prime factors of 29659.
7, 19, 223
List the prime factors of 10504.
2, 13, 101
What are the prime factors of 1265?
5, 11, 23
List the prime factors of 13025.
5, 521
What are the prime factors of 5620?
2, 5, 281
List the prime factors of 47847.
3, 41, 389
What are the prime factors of 53887?
53887
What are the prime factors of 148516?
2, 107, 347
List the prime factors of 26737.
26737
List the prime factors of 2527.
7, 19
List the prime factors of 11864.
2, 1483
List the prime factors of 2555.
5, 7, 73
List the prime factors of 37949.
137, 277
List the prime factors of 71300.
2, 5, 23, 31
List the prime factors of 18755.
5, 11, 31
List the prime factors of 1126.
2, 563
List the prime factors of 683.
683
What are the prime factors of 10330?
2, 5, 1033
List the prime factors of 64577.
64577
List the prime factors of 107.
107
List the prime factors of 1162.
2, 7, 83
What are the prime factors of 2844?
2, 3, 79
What are the prime factors of 1963?
13, 151
What are the prime factors of 112486?
2, 11, 5113
List the prime factors of 7885.
5, 19, 83
What are the prime factors of 52816?
2, 3301
List the prime factors of 142379.
173, 823
What are the prime factors of 2340?
2, 3, 5, 13
What are the prime facto